{"id":112,"date":"2011-09-04T17:30:22","date_gmt":"2011-09-04T15:30:22","guid":{"rendered":"http:\/\/www.clayinformatique.ch\/physiqueenquestions\/?page_id=112"},"modified":"2016-01-27T16:14:32","modified_gmt":"2016-01-27T15:14:32","slug":"liens","status":"publish","type":"page","link":"https:\/\/www.clayinformatique.ch\/physiqueenquestions\/?page_id=112","title":{"rendered":"Liens"},"content":{"rendered":"<p><strong><a href=\"http:\/\/www.clayinformatique.ch\/physiqueenquestions\/wp-content\/uploads\/2011\/09\/Sans-titre2.jpg\"><img loading=\"lazy\" decoding=\"async\" class=\"size-full wp-image-154 alignleft\" style=\"border: 0px initial initial;\" title=\"lien\" src=\"http:\/\/www.clayinformatique.ch\/physiqueenquestions\/wp-content\/uploads\/2011\/09\/Sans-titre2.jpg\" alt=\"\" width=\"111\" height=\"100\" \/><\/a>\n<table id=\"wp-table-reloaded-id-12-no-1\" class=\"wp-table-reloaded wp-table-reloaded-id-12\">\n<tbody>\n\t<tr class=\"row-1 odd\">\n\t\t<td class=\"column-1\"><a href=\"https:\/\/www.lesdebrouillards.com\">Les d\u00e9brouillards<\/a><\/td>\n\t<\/tr>\n\t<tr class=\"row-2 even\">\n\t\t<td class=\"column-1\"><a href=\"http:\/\/voyage.in2p3.fr\/frames.html\">La mati\u00e8re<\/a><\/td>\n\t<\/tr>\n\t<tr class=\"row-3 odd\">\n\t\t<td class=\"column-1\"><a href=\"https:\/\/www.bipm.org\/fr\/home\">Les unit\u00e9s officielles<\/a><\/td>\n\t<\/tr>\n\t<tr class=\"row-4 even\">\n\t\t<td class=\"column-1\"><a href=\"https:\/\/www.palais-decouverte.fr\/fr\/accueil\/\">Palais de la D\u00e9couverte<\/a><\/td>\n\t<\/tr>\n\t<tr class=\"row-5 odd\">\n\t\t<td class=\"column-1\"><a href=\"https:\/\/www.hydroquebec.com\/securite\/\">Hydro-Qu\u00e9bec s\u00e9curit\u00e9<\/a><\/td>\n\t<\/tr>\n<\/tbody>\n<\/table>\n<\/strong><\/p>\n","protected":false},"excerpt":{"rendered":"","protected":false},"author":1,"featured_media":0,"parent":0,"menu_order":0,"comment_status":"closed","ping_status":"closed","template":"","meta":{"ngg_post_thumbnail":0,"footnotes":""},"class_list":["post-112","page","type-page","status-publish","hentry"],"_links":{"self":[{"href":"https:\/\/www.clayinformatique.ch\/physiqueenquestions\/index.php?rest_route=\/wp\/v2\/pages\/112","targetHints":{"allow":["GET"]}}],"collection":[{"href":"https:\/\/www.clayinformatique.ch\/physiqueenquestions\/index.php?rest_route=\/wp\/v2\/pages"}],"about":[{"href":"https:\/\/www.clayinformatique.ch\/physiqueenquestions\/index.php?rest_route=\/wp\/v2\/types\/page"}],"author":[{"embeddable":true,"href":"https:\/\/www.clayinformatique.ch\/physiqueenquestions\/index.php?rest_route=\/wp\/v2\/users\/1"}],"replies":[{"embeddable":true,"href":"https:\/\/www.clayinformatique.ch\/physiqueenquestions\/index.php?rest_route=%2Fwp%2Fv2%2Fcomments&post=112"}],"version-history":[{"count":0,"href":"https:\/\/www.clayinformatique.ch\/physiqueenquestions\/index.php?rest_route=\/wp\/v2\/pages\/112\/revisions"}],"wp:attachment":[{"href":"https:\/\/www.clayinformatique.ch\/physiqueenquestions\/index.php?rest_route=%2Fwp%2Fv2%2Fmedia&parent=112"}],"curies":[{"name":"wp","href":"https:\/\/api.w.org\/{rel}","templated":true}]}}