{"id":8,"date":"2018-12-14T11:33:31","date_gmt":"2018-12-14T10:33:31","guid":{"rendered":"http:\/\/www.clayinformatique.ch\/services\/?page_id=8"},"modified":"2025-02-08T11:53:25","modified_gmt":"2025-02-08T10:53:25","slug":"qui-suis-je","status":"publish","type":"page","link":"https:\/\/www.clayinformatique.ch\/services\/?page_id=8","title":{"rendered":"Qui suis-je ?"},"content":{"rendered":"\r\n<p><strong>ClayInformatique<\/strong> est n\u00e9 d&rsquo;une passion pour l&rsquo;informatique.<\/p>\r\n<p><img decoding=\"async\" class=\"wp-image-42\" src=\"http:\/\/www.clayinformatique.ch\/services\/wp-content\/uploads\/2018\/12\/Clayinformatique-logo3_2-1024x187.png\" alt=\"\" width=\"500\" srcset=\"https:\/\/www.clayinformatique.ch\/services\/wp-content\/uploads\/2018\/12\/Clayinformatique-logo3_2-1024x187.png 1024w, https:\/\/www.clayinformatique.ch\/services\/wp-content\/uploads\/2018\/12\/Clayinformatique-logo3_2-300x55.png 300w, https:\/\/www.clayinformatique.ch\/services\/wp-content\/uploads\/2018\/12\/Clayinformatique-logo3_2-768x140.png 768w, https:\/\/www.clayinformatique.ch\/services\/wp-content\/uploads\/2018\/12\/Clayinformatique-logo3_2.png 1844w\" sizes=\"(max-width: 1024px) 100vw, 1024px\" \/><\/p>\r\n\r\n\r\n\r\n<p style=\"font-size: 0;\">Je suis enseignant en informatique. Je g\u00e8re diff\u00e9rents sites Web et mon travail m&rsquo;am\u00e8ne souvent \u00e0 d\u00e9panner des coll\u00e8gues, des amis, des amis de coll\u00e8gues &#8230; quelques soient les demandes.<\/p>\r\n\r\n\r\n\r\n<p>Je me suis rendu compte qu&rsquo;il est parfois difficile de choisir, d&rsquo;acheter un Mac et de le configurer pour pouvoir en profiter pleinement. Le Mac est convivial mais perdre du temps, ne pas s&rsquo;en sortir seul, peut parfois \u00eatre un frein au plaisir d&rsquo;enclencher son ordinateur, d&rsquo;aller relever ses mails, surfer sur internet sans souci de la configuration.<\/p>\r\n\r\n\r\n\r\n<p>On est parfois aussi d\u00e9pass\u00e9 par les petits soucis et nous ne savons pas vers qui demander de l&rsquo;aide.<\/p>\r\n\r\n\r\n\r\n<p>Voil\u00e0 comment est n\u00e9 <strong>ClayInformatique<\/strong> : une aide ponctuelle, une configuration d&rsquo;un Mac, une installation ou des cours priv\u00e9s.<\/p>\r\n<p>Ayant \u00e9t\u00e9 enseignant durant de nombreuses ann\u00e9es dans les branches scientifiques (math\u00e9matiques, physique et informatique), j&rsquo;ai toujours cherch\u00e9 \u00e0 introduire les nouvelles technologies dans mes cours.<\/p>\r\n<p>Utilisateur des produits Apple depuis de nombreuses ann\u00e9es, je suis devenu ADE (Apple Distinguished Educator) en 2011.<\/p>\r\n<p><a href=\"https:\/\/www.apple.com\/chfr\/education\/k12\/apple-distinguished-educator\/\" target=\"_blank\" rel=\"noopener\"><img loading=\"lazy\" decoding=\"async\" class=\"alignnone wp-image-156 size-medium\" src=\"https:\/\/www.clayinformatique.ch\/services\/wp-content\/uploads\/2021\/07\/ADE_Logo_black_rgb-300x56.png\" alt=\"\" width=\"300\" height=\"56\" srcset=\"https:\/\/www.clayinformatique.ch\/services\/wp-content\/uploads\/2021\/07\/ADE_Logo_black_rgb-300x56.png 300w, https:\/\/www.clayinformatique.ch\/services\/wp-content\/uploads\/2021\/07\/ADE_Logo_black_rgb-1024x192.png 1024w, https:\/\/www.clayinformatique.ch\/services\/wp-content\/uploads\/2021\/07\/ADE_Logo_black_rgb-768x144.png 768w, https:\/\/www.clayinformatique.ch\/services\/wp-content\/uploads\/2021\/07\/ADE_Logo_black_rgb-1536x288.png 1536w, https:\/\/www.clayinformatique.ch\/services\/wp-content\/uploads\/2021\/07\/ADE_Logo_black_rgb.png 1548w\" sizes=\"auto, (max-width: 300px) 100vw, 300px\" \/><\/a><\/p>\r\n\r\n\r\n\r\n<p><img loading=\"lazy\" decoding=\"async\" class=\"alignnone wp-image-149\" src=\"https:\/\/www.clayinformatique.ch\/services\/wp-content\/uploads\/2021\/07\/salle-info-claude-1024x589.jpg\" alt=\"\" width=\"600\" height=\"345\" srcset=\"https:\/\/www.clayinformatique.ch\/services\/wp-content\/uploads\/2021\/07\/salle-info-claude-1024x589.jpg 1024w, https:\/\/www.clayinformatique.ch\/services\/wp-content\/uploads\/2021\/07\/salle-info-claude-300x173.jpg 300w, https:\/\/www.clayinformatique.ch\/services\/wp-content\/uploads\/2021\/07\/salle-info-claude-768x442.jpg 768w, https:\/\/www.clayinformatique.ch\/services\/wp-content\/uploads\/2021\/07\/salle-info-claude-1536x884.jpg 1536w, https:\/\/www.clayinformatique.ch\/services\/wp-content\/uploads\/2021\/07\/salle-info-claude.jpg 1867w\" sizes=\"auto, (max-width: 600px) 100vw, 600px\" \/><\/p>\r\n","protected":false},"excerpt":{"rendered":"<p>ClayInformatique est n\u00e9 d&rsquo;une passion pour l&rsquo;informatique. Je suis enseignant en informatique. Je g\u00e8re diff\u00e9rents sites Web et mon travail m&rsquo;am\u00e8ne souvent \u00e0 d\u00e9panner des coll\u00e8gues, des amis, des amis de coll\u00e8gues &#8230; quelques soient les demandes. Je me suis rendu compte qu&rsquo;il est parfois difficile de choisir, d&rsquo;acheter un Mac et de le configurer [&hellip;]<\/p>\n","protected":false},"author":1,"featured_media":0,"parent":0,"menu_order":0,"comment_status":"closed","ping_status":"closed","template":"","meta":{"footnotes":""},"class_list":["post-8","page","type-page","status-publish","hentry"],"_links":{"self":[{"href":"https:\/\/www.clayinformatique.ch\/services\/index.php?rest_route=\/wp\/v2\/pages\/8","targetHints":{"allow":["GET"]}}],"collection":[{"href":"https:\/\/www.clayinformatique.ch\/services\/index.php?rest_route=\/wp\/v2\/pages"}],"about":[{"href":"https:\/\/www.clayinformatique.ch\/services\/index.php?rest_route=\/wp\/v2\/types\/page"}],"author":[{"embeddable":true,"href":"https:\/\/www.clayinformatique.ch\/services\/index.php?rest_route=\/wp\/v2\/users\/1"}],"replies":[{"embeddable":true,"href":"https:\/\/www.clayinformatique.ch\/services\/index.php?rest_route=%2Fwp%2Fv2%2Fcomments&post=8"}],"version-history":[{"count":1,"href":"https:\/\/www.clayinformatique.ch\/services\/index.php?rest_route=\/wp\/v2\/pages\/8\/revisions"}],"predecessor-version":[{"id":242,"href":"https:\/\/www.clayinformatique.ch\/services\/index.php?rest_route=\/wp\/v2\/pages\/8\/revisions\/242"}],"wp:attachment":[{"href":"https:\/\/www.clayinformatique.ch\/services\/index.php?rest_route=%2Fwp%2Fv2%2Fmedia&parent=8"}],"curies":[{"name":"wp","href":"https:\/\/api.w.org\/{rel}","templated":true}]}}

<p><strong>ClayInformatique</strong> est né d&rsquo;une passion pour l&rsquo;informatique.</p>
<p><img decoding="async" class="wp-image-42" src="http://www.clayinformatique.ch/services/wp-content/uploads/2018/12/Clayinformatique-logo3_2-1024x187.png" alt="" width="500" srcset="https://www.clayinformatique.ch/services/wp-content/uploads/2018/12/Clayinformatique-logo3_2-1024x187.png 1024w, https://www.clayinformatique.ch/services/wp-content/uploads/2018/12/Clayinformatique-logo3_2-300x55.png 300w, https://www.clayinformatique.ch/services/wp-content/uploads/2018/12/Clayinformatique-logo3_2-768x140.png 768w, https://www.clayinformatique.ch/services/wp-content/uploads/2018/12/Clayinformatique-logo3_2.png 1844w" sizes="(max-width: 1024px) 100vw, 1024px" /></p>



<p style="font-size: 0;">Je suis enseignant en informatique. Je gère différents sites Web et mon travail m&rsquo;amène souvent à dépanner des collègues, des amis, des amis de collègues &#8230; quelques soient les demandes.</p>



<p>Je me suis rendu compte qu&rsquo;il est parfois difficile de choisir, d&rsquo;acheter un Mac et de le configurer pour pouvoir en profiter pleinement. Le Mac est convivial mais perdre du temps, ne pas s&rsquo;en sortir seul, peut parfois être un frein au plaisir d&rsquo;enclencher son ordinateur, d&rsquo;aller relever ses mails, surfer sur internet sans souci de la configuration.</p>



<p>On est parfois aussi dépassé par les petits soucis et nous ne savons pas vers qui demander de l&rsquo;aide.</p>



<p>Voilà comment est né <strong>ClayInformatique</strong> : une aide ponctuelle, une configuration d&rsquo;un Mac, une installation ou des cours privés.</p>
<p>Ayant été enseignant durant de nombreuses années dans les branches scientifiques (mathématiques, physique et informatique), j&rsquo;ai toujours cherché à introduire les nouvelles technologies dans mes cours.</p>
<p>Utilisateur des produits Apple depuis de nombreuses années, je suis devenu ADE (Apple Distinguished Educator) en 2011.</p>
<p><a href="https://www.apple.com/chfr/education/k12/apple-distinguished-educator/" target="_blank" rel="noopener"><img loading="lazy" decoding="async" class="alignnone wp-image-156 size-medium" src="https://www.clayinformatique.ch/services/wp-content/uploads/2021/07/ADE_Logo_black_rgb-300x56.png" alt="" width="300" height="56" srcset="https://www.clayinformatique.ch/services/wp-content/uploads/2021/07/ADE_Logo_black_rgb-300x56.png 300w, https://www.clayinformatique.ch/services/wp-content/uploads/2021/07/ADE_Logo_black_rgb-1024x192.png 1024w, https://www.clayinformatique.ch/services/wp-content/uploads/2021/07/ADE_Logo_black_rgb-768x144.png 768w, https://www.clayinformatique.ch/services/wp-content/uploads/2021/07/ADE_Logo_black_rgb-1536x288.png 1536w, https://www.clayinformatique.ch/services/wp-content/uploads/2021/07/ADE_Logo_black_rgb.png 1548w" sizes="auto, (max-width: 300px) 100vw, 300px" /></a></p>



<p><img loading="lazy" decoding="async" class="alignnone wp-image-149" src="https://www.clayinformatique.ch/services/wp-content/uploads/2021/07/salle-info-claude-1024x589.jpg" alt="" width="600" height="345" srcset="https://www.clayinformatique.ch/services/wp-content/uploads/2021/07/salle-info-claude-1024x589.jpg 1024w, https://www.clayinformatique.ch/services/wp-content/uploads/2021/07/salle-info-claude-300x173.jpg 300w, https://www.clayinformatique.ch/services/wp-content/uploads/2021/07/salle-info-claude-768x442.jpg 768w, https://www.clayinformatique.ch/services/wp-content/uploads/2021/07/salle-info-claude-1536x884.jpg 1536w, https://www.clayinformatique.ch/services/wp-content/uploads/2021/07/salle-info-claude.jpg 1867w" sizes="auto, (max-width: 600px) 100vw, 600px" /></p>

<p>ClayInformatique est né d&rsquo;une passion pour l&rsquo;informatique. Je suis enseignant en informatique. Je gère différents sites Web et mon travail m&rsquo;amène souvent à dépanner des collègues, des amis, des amis de collègues &#8230; quelques soient les demandes. Je me suis rendu compte qu&rsquo;il est parfois difficile de choisir, d&rsquo;acheter un Mac et de le configurer [&hellip;]</p>
