{"id":4390,"date":"2018-03-28T10:37:30","date_gmt":"2018-03-28T09:37:30","guid":{"rendered":"http:\/\/www.clayinformatique.ch\/usa2014\/?page_id=4390"},"modified":"2018-03-28T10:54:57","modified_gmt":"2018-03-28T09:54:57","slug":"organisation-du-voyage-2017-ete-nadia-2","status":"publish","type":"page","link":"https:\/\/www.clayinformatique.ch\/usa2014\/?page_id=4390","title":{"rendered":"Organisation du voyage 2018 &#8211; Nadia"},"content":{"rendered":"<p style=\"text-align: justify;\">Anne-Marie, mon amie de Phoenix, m\u2019a souvent parl\u00e9 de l\u2019<strong>Oregon<\/strong> o\u00f9 vit sa belle-maman. J\u2019\u00e9tais incapable de situer cet \u00e9tat. Mais o\u00f9 va Anne-Marie quand elle va rendre visite \u00e0 sa belle-m\u00e8re&nbsp;? Mon ordinateur, ouvrir Google Map et c\u2019\u00e9tait parti pour une nouvelle d\u00e9couverte et une grosse tentation.<\/p>\n<p style=\"text-align: justify;\">L\u2019\u00e9tat est d\u00e9coup\u00e9 en trois parties&nbsp;: la c\u00f4te pacifique, la montagne et le d\u00e9sert. J\u2019ai vite \u00e9t\u00e9 enthousiasm\u00e9e par la vari\u00e9t\u00e9 du d\u00e9cor et du climat. J\u2019ai commenc\u00e9 par \u00e9tudier la carte de l\u2019Oregon en mettant en \u00e9vidence les lieux int\u00e9ressants. Au final, je me suis retrouv\u00e9e devant une carte remplie de croix rouges. L\u2019\u00e9tat \u00e9tant presque aussi vaste que le Royaume-Uni, je me suis vite rendue \u00e0 l\u2019\u00e9vidence qu\u2019il fallait faire un choix et qu\u2019il nous serait impossible de nous rendre sur toutes mes croix rouges.<\/p>\n<p style=\"text-align: justify;\">L\u2019id\u00e9e de visiter l&rsquo;\u00e9tat de Washington est venue se rajouter par la suite. En faisant mes recherches, je suis tomb\u00e9e sur des photos d\u2019une for\u00eat humide incroyable du <strong>Parc National Olympique<\/strong>, non loin de Portland en Oregon. Mis \u00e0 part ses hautes montagnes et ses multiples lacs, j\u2019ai \u00e9t\u00e9 plut\u00f4t attir\u00e9e par la \u00ab <strong>Rain Forest<\/strong>&nbsp;\u00bb qui se caract\u00e9rise par de nombreuses foug\u00e8res et des mousses qui profitent des branches des arbres. Ce qui donne un aspect tout a fait magique et surnaturel au coin.<\/p>\n<p><img loading=\"lazy\" decoding=\"async\" class=\"alignnone wp-image-4402\" src=\"http:\/\/www.clayinformatique.ch\/usa2014\/wp-content\/uploads\/2018\/03\/Rain_Forest.jpg\" alt=\"\" width=\"690\" height=\"518\" srcset=\"https:\/\/www.clayinformatique.ch\/usa2014\/wp-content\/uploads\/2018\/03\/Rain_Forest.jpg 1334w, https:\/\/www.clayinformatique.ch\/usa2014\/wp-content\/uploads\/2018\/03\/Rain_Forest-300x225.jpg 300w, https:\/\/www.clayinformatique.ch\/usa2014\/wp-content\/uploads\/2018\/03\/Rain_Forest-768x576.jpg 768w, https:\/\/www.clayinformatique.ch\/usa2014\/wp-content\/uploads\/2018\/03\/Rain_Forest-1024x768.jpg 1024w\" sizes=\"auto, (max-width: 690px) 100vw, 690px\" \/><\/p>\n<p style=\"text-align: justify;\">On d\u00e9nombre environ une soixantaine d\u2019esp\u00e8ce de mammif\u00e8res terrestres dans le parc Olympique, 300 esp\u00e8ces d\u2019oiseaux, 13 esp\u00e8ces d\u2019amphibiens, 37 esp\u00e8ces de poissons et 29 mammif\u00e8res marins aussi bien dans l\u2019oc\u00e9an que dans les lacs.&nbsp; Je compte bien rajouter quelques nouvelles esp\u00e8ces \u00e0 notre liste d\u2019observation.<\/p>\n<p style=\"text-align: justify;\">Les indiens <strong>Quileutes<\/strong> vivent non loin de la \u00ab&nbsp;rain forest&nbsp;\u00bb dans un petit village de p\u00eacheur le long de l\u2019oc\u00e9an. Selon la l\u00e9gende, les Quileutes sont au d\u00e9part des loups transform\u00e9s en humains. \u00c7a me rappelle vaguement quelque chose\u2026 La plage a servi de tournage \u00e0 la fameuse saga \u00ab&nbsp;Twilight&nbsp;\u00bb. Il est pr\u00e9vu d\u2019aller \u00e0 la recherche des \u00e9toiles de mer et des an\u00e9mones vertes chez les Quileutes.<\/p>\n<p style=\"text-align: justify;\">Apr\u00e8s une petite semaine dans l\u2019\u00e9tat de <strong>Washington<\/strong>, nous rejoindrons la c\u00f4te Pacifique de l&rsquo;Oregon. La c\u00f4te de l\u2019Oregon est l\u2019une des plus belle des Etats-Unis gr\u00e2ce \u00e0 son environnement sauvage, sa c\u00f4te d\u00e9chir\u00e9e et ses montagnes recouverte de for\u00eats qui tombent dans la mer. La c\u00f4te de l\u2019Oregon a \u00e9t\u00e9 pr\u00e9serv\u00e9e jusqu\u2019ici des feux de for\u00eats qui ont d\u00e9truit la c\u00f4te californienne.<\/p>\n<p style=\"text-align: justify;\">Un passage oblig\u00e9 \u00e0 travers la cha\u00eene de montagnes \u00ab&nbsp;des Cascades&nbsp;\u00bb o\u00f9 nous entreprendrons quelques petites marches foresti\u00e8res avant d\u2019arriver dans le haut d\u00e9sert de l\u2019Oregon.<\/p>\n<p style=\"text-align: justify;\">Il existe une petite r\u00e9serve indienne dans l\u2019Oregon o\u00f9 se c\u00f4toient les <strong>Wascos<\/strong>, les <strong>Warm Springs<\/strong> et les <strong>Pa\u00efutes<\/strong>.&nbsp; Sa population totale est d\u2019environ 3&rsquo;300 habitants qui vivent principalement dans le centre de Warm Springs. Nous n\u2019y ferons aucun arr\u00eat. L\u2019endroit est sans int\u00e9r\u00eat, comme \u00e0 peu pr\u00e8s toutes les r\u00e9serves indiennes.<\/p>\n<p style=\"text-align: justify;\">Le d\u00e9sert reste un lieu qui nous attire, car isol\u00e9 et peu peupl\u00e9.<\/p>\n<p style=\"text-align: justify;\">Le Sud Est est constitu\u00e9 de collines ondul\u00e9es vertes au printemps et jaune en \u00e9t\u00e9, o\u00f9 s\u2019accroche d\u2019\u00e9normes roches de basalte aux couleurs d\u00e9grad\u00e9es allant du miel au noir. L\u2019<strong>Owyhee Canyonland<\/strong> est le tr\u00e9sor de l\u2019Oregon. Le site a une superficie encore plus grande que le Yellowstone et est desservi uniquement par quelques rares routes 4&#215;4. Ce qui rend certains lieux uniquement possible avec une tente, car tellement \u00e9loign\u00e9s de tout.<\/p>\n<p><img loading=\"lazy\" decoding=\"async\" class=\"alignnone wp-image-4401\" src=\"http:\/\/www.clayinformatique.ch\/usa2014\/wp-content\/uploads\/2018\/03\/Owyhee_Canyonlands.jpg\" alt=\"\" width=\"690\" height=\"460\" srcset=\"https:\/\/www.clayinformatique.ch\/usa2014\/wp-content\/uploads\/2018\/03\/Owyhee_Canyonlands.jpg 1200w, https:\/\/www.clayinformatique.ch\/usa2014\/wp-content\/uploads\/2018\/03\/Owyhee_Canyonlands-300x200.jpg 300w, https:\/\/www.clayinformatique.ch\/usa2014\/wp-content\/uploads\/2018\/03\/Owyhee_Canyonlands-768x512.jpg 768w, https:\/\/www.clayinformatique.ch\/usa2014\/wp-content\/uploads\/2018\/03\/Owyhee_Canyonlands-1024x683.jpg 1024w\" sizes=\"auto, (max-width: 690px) 100vw, 690px\" \/><\/p>\n<p style=\"text-align: justify;\">Un autre d\u00e9sert nous attend plus au nord de l\u2019Owyhee fait de formations rocheuses color\u00e9es, une sorte de badlands pal\u00e9ontologique. Un secteur est fait de formations bleut\u00e9es, et un autre de collines \u00e0 l\u2019aspect de velours aux diff\u00e9rentes couches color\u00e9es jaunes, noires et grises, ou rouge.<\/p>\n<p style=\"text-align: justify;\">Au milieu de tout \u00e7a, les fameuses Ghost Towns. Il en existe plus de 250&nbsp;en Oregon ! Ce nombre comprend les villes et les communaut\u00e9s qui sont abandonn\u00e9es, non peupl\u00e9es ou dont les populations ont diminu\u00e9 de fa\u00e7on significative. Ce qui nous obligera in\u00e9vitablement \u00e0 en traverser plus d\u2019une. &nbsp;L\u2019Oregon est le pays du p\u00eacheur. De nombreuses rivi\u00e8res coulent \u00e0 travers tout l\u2019\u00e9tat. Ce qui profite aux pygargues \u00e0 t\u00eate blanche, l\u2019embl\u00e8me des Etats Unis, et aux balbuzards p\u00eacheurs,&nbsp; prot\u00e9g\u00e9s aux Etats Unis, oiseaux que j\u2019esp\u00e8re avoir la chance de revoir. &nbsp;La faune est \u00e9videmment abondante. Coline et Nathan ont d\u00e9velopp\u00e9 un certain sens de l\u2019observation depuis le temps que nous y allons. Ils sont les premiers \u00e0 nous faire remarquer certaines pr\u00e9sences animali\u00e8res. Et surtout, ils sont curieux de tout.&nbsp;Il me tarde d\u2019\u00eatre en \u00e9t\u00e9.<\/p>\n<p style=\"text-align: justify;\">Nouveau lieu, nouvelles d\u00e9couvertes.<\/p>\n<p style=\"text-align: justify;\">&nbsp;<\/p>\n<p style=\"text-align: right;\"><strong><span style=\"color: #800000;\">Nadia<\/span><\/strong><\/p>\n","protected":false},"excerpt":{"rendered":"<p>Anne-Marie, mon amie de Phoenix, m\u2019a souvent parl\u00e9 de l\u2019Oregon o\u00f9 vit sa belle-maman. J\u2019\u00e9tais incapable de situer cet \u00e9tat. Mais o\u00f9 va Anne-Marie quand elle va rendre visite \u00e0 sa belle-m\u00e8re&nbsp;? Mon ordinateur, ouvrir Google Map et c\u2019\u00e9tait parti pour une nouvelle d\u00e9couverte et une grosse tentation. L\u2019\u00e9tat est d\u00e9coup\u00e9 en trois parties&nbsp;: la &hellip; <a class=\"read-excerpt\" href=\"https:\/\/www.clayinformatique.ch\/usa2014\/?page_id=4390\">Continuer la lecture <span class=\"meta-nav\">&raquo;<\/span><\/a><\/p>\n","protected":false},"author":1,"featured_media":0,"parent":0,"menu_order":0,"comment_status":"closed","ping_status":"closed","template":"","meta":{"ngg_post_thumbnail":0,"footnotes":""},"class_list":["post-4390","page","type-page","status-publish","hentry"],"_links":{"self":[{"href":"https:\/\/www.clayinformatique.ch\/usa2014\/index.php?rest_route=\/wp\/v2\/pages\/4390","targetHints":{"allow":["GET"]}}],"collection":[{"href":"https:\/\/www.clayinformatique.ch\/usa2014\/index.php?rest_route=\/wp\/v2\/pages"}],"about":[{"href":"https:\/\/www.clayinformatique.ch\/usa2014\/index.php?rest_route=\/wp\/v2\/types\/page"}],"author":[{"embeddable":true,"href":"https:\/\/www.clayinformatique.ch\/usa2014\/index.php?rest_route=\/wp\/v2\/users\/1"}],"replies":[{"embeddable":true,"href":"https:\/\/www.clayinformatique.ch\/usa2014\/index.php?rest_route=%2Fwp%2Fv2%2Fcomments&post=4390"}],"version-history":[{"count":0,"href":"https:\/\/www.clayinformatique.ch\/usa2014\/index.php?rest_route=\/wp\/v2\/pages\/4390\/revisions"}],"wp:attachment":[{"href":"https:\/\/www.clayinformatique.ch\/usa2014\/index.php?rest_route=%2Fwp%2Fv2%2Fmedia&parent=4390"}],"curies":[{"name":"wp","href":"https:\/\/api.w.org\/{rel}","templated":true}]}}